. Calculate the highest common divisor of g and 130.
10
Let n = 11 + -5. Suppose 5*j = 4*d + 194, 17*j - 72 = 15*j + 3*d. What is the greatest common divisor of n and j?
6
Let t(l) = 3*l**2 - 12*l + 48. Let v be t(6). What is the highest common divisor of v and 12?
12
Let k(m) be the first derivative of -m**2 + 2*m + 4. Let q be k(-9). Suppose -2*g = 3*g - 50. What is the greatest common divisor of q and g?
10
Suppose 6*i = 27 - 9. Let a be 4/i*(-6)/(-4). Suppose -221 = -a*b + 19. Calculate the greatest common divisor of 15 and b.
15
Let g = 57 + -47. Suppose g*k = 6*k + 92. Calculate the highest common factor of 23 and k.
23
Let y be (3/2)/(-1)*6. Let k = 9 - y. Calculate the greatest common divisor of k and 9.
9
Suppose 0 = 29*f + 4*f - 2145. What is the greatest common factor of 2665 and f?
65
Let j = -14 + 34. Let s be j/6*(-12)/(-10). Let h be ((-16)/(-28))/(s/14). Calculate the highest common factor of h and 8.
2
Let d be (413/118)/((-2)/(-4)). Let s = -22 + 57. What is the highest common factor of d and s?
7
Let z be 6 - (9 + (-128 - 10)). What is the greatest common factor of 495 and z?
45
Let z(x) = x**3 + 6*x**2 + 6*x + 5. Let j be z(-4). Let c = j + 67. Suppose 3*n - 2*k = c, -n + 10 = -5*k - 34. What is the highest common divisor of n and 16?
8
Let a(f) = 7*f + 147. Let c be a(14). Calculate the greatest common factor of c and 196.
49
Suppose 9*p = -2*d + 8*p + 234, -3*p - 448 = -4*d. Calculate the greatest common factor of d and 69.
23
Let d = 7 - 2. Let r be 28/13 - (-12)/(-78). Suppose -r*v - 3*v + 5 = 0. Calculate the highest common divisor of v and d.
1
Suppose 0 = -14*b + 601 + 197. Calculate the greatest common factor of b and 171.
57
Let m = 178 + -177. Calculate the highest common divisor of 1 and m.
1
Let c = 22 + -13. Suppose -g - 2*y = -0*g - 79, -82 = -g - 3*y. Suppose 19 - g = -3*n. Calculate the highest common divisor of n and c.
9
Let o(c) = 79*c - 4. Let q be o(-1). Let j = q - -88. Calculate the greatest common factor of 25 and j.
5
Let l(d) = -30*d + 228. Let w be l(5). Suppose -5*x = 5*u - 580, -u + 422 = 4*x - 45. What is the greatest common factor of w and x?
39
Let l = -589 - -967. What is the greatest common factor of 54 and l?
54
Let c(n) be the first derivative of -n**3/3 - 9*n**2/2 + 6*n + 3. Let l be c(-7). Let q be (-2 + 0)/(1/(-20)*2). What is the greatest common divisor of l and q?
20
Suppose 3*k - 2*g = -7*g + 115, 2*k = 2*g + 50. Let y = 4826 + -4821. What is the highest common divisor of k and y?
5
Let z = 1 + 0. Let c(y) = 10 - 13 - 3*y - y + 28. Let f be c(6). What is the greatest common divisor of f and z?
1
Suppose -2*g - 15 = -5*g. Suppose -i + 2*n + 16 = 3*i, 20 = g*i + 3*n. Let t be i + 1 + 2 - 3. Calculate the greatest common factor of t and 44.
4
Let s(x) = -x**3 + 2*x**2 - 4*x - 4. Let q(z) = -z**3 + z**2 + 1. Let m(b) = -2*q(b) + s(b). Let n be m(4). Calculate the highest common divisor of 21 and n.
21
Let p(h) = h**2 + 14*h - 20. Let i be p(-21). Let r = i - 53. Calculate the greatest common divisor of r and 111.
37
Let p(w) = -6*w + 9. Let g be p(-12). What is the highest common divisor of 45 and g?
9
Let k = 304 + -133. Suppose -3 = t - 2*c, -3*t + 33 = -8*c + 9*c. Calculate the greatest common divisor of k and t.
9
Suppose 0 = -5*h + 25, -3*g + 164 = g + 4*h. Suppose -42*t + 44*t - g = 0. What is the highest common factor of 72 and t?
18
Let h(o) = -o**2 + o - 84. Let t be h(0). Let c(q) = q**2 - 13*q - 106. Let f be c(25). Let w = t + f. What is the highest common factor of w and 10?
10
Suppose -8*m = -12*m + q + 1296, -5*q + 626 = 2*m. What is the greatest common divisor of 19 and m?
19
Suppose 0 = -5*m + 25, -23 = 3*o + o - 3*m. Let h be (-5 + (-2)/2)*7/o. Calculate the greatest common divisor of 6 and h.
3
Suppose 4*x + 534 = 2*w, -4*w + 5*w = -4*x + 243. Calculate the greatest common divisor of w and 74.
37
Suppose -2*i + 10*i = 1040. Calculate the highest common divisor of 40 and i.
10
Let a(z) = 2*z**2 - 11*z - 141. Let f be a(-11). Calculate the highest common factor of 592 and f.
74
Let s be (-1 - -1 - 1)*2451/(-129). What is the greatest common factor of 608 and s?
19
Suppose 2*l - 525 = 5*l. Let y = l - -358. Let o = -102 + y. Calculate the greatest common divisor of 27 and o.
27
Let u(a) = -112*a - 28. Let c be u(-4). Calculate the greatest common factor of c and 588.
84
Suppose -87*h + 3*i + 8 = -86*h, 3*h + 5*i = 24. Let v be ((-264)/(-9))/(2/6). What is the greatest common factor of v and h?
8
Let s = 43 + -45. Let o be s/(-1 - 1/(-3)). What is the highest common factor of o and 27?
3
Let g(a) = a - 9*a + a + 8*a**2 - 20 + a**3 + 2*a**2. Let t be g(-7). Calculate the greatest common divisor of t and 16.
16
Let t be 38*(9 + 56/(-7)). What is the greatest common factor of 361 and t?
19
Let m(h) = 22*h - 1. Let r be m(1). Suppose 119 = 5*l + 4*t, -3*t = -l - t + r. Suppose 8*z - 193 - l = 0. Calculate the greatest common divisor of z and 3.
3
Suppose 2*m + 5*j = 165, 319 = 5*m - 4*j - 77. What is the highest common factor of 128 and m?
16
Let y = -16 + 24. Suppose 114 = y*v - 2*v. What is the highest common factor of 19 and v?
19
Let b be (-24)/(2/(-3) - 0). What is the highest common factor of 63 and b?
9
Suppose v - 2*v - 535 = -2*g, -515 = -2*g + 5*v. Suppose 0 = -4*c + 2*c + g. Suppose 37 = 5*n - 38. Calculate the highest common factor of n and c.
15
Let k = -21 - 4. Let v be 2/(2*(-1)/k). What is the greatest common factor of 5 and v?
5
Let s(a) = 3*a + 195. Let c be s(-37). What is the highest common factor of c and 1092?
84
Let u(i) = -i**3 + 6*i**2 - 5*i - 1. Let s be (-1)/(14/8 + -2). Let o be u(s). What is the highest common divisor of o and 33?
11
Suppose 0 = -3*r - 12, -4*v = 5*r - 532 - 392. What is the greatest common factor of v and 4?
4
Let o(x) = -x + 28. Let b be o(10). Suppose -9 + b = s. What is the highest common factor of s and 63?
9
Let v(y) = 209*y - 181. Let x be v(6). What is the greatest common divisor of x and 37?
37
Let o(j) = -3*j + 5. Let u be o(3). Let g be ((-7)/u)/((-1)/(-8)). Calculate the greatest common divisor of g and 2.
2
Let a = 4 + -1. Suppose -2*h - 5*s - 12 = -3*h, -8 = -a*h + s. Let q be (-30)/(-20) + 33/h. What is the greatest common factor of 198 and q?
18
Let h be 3102/9*(-9)/(-6). Calculate the greatest common divisor of 235 and h.
47
Suppose 67 = 5*v - 28. Suppose 0*d + 5*z = -3*d + 57, -v = -d - 4*z. Calculate the greatest common divisor of 152 and d.
19
Let n = -216 + 224. Calculate the greatest common factor of n and 8.
8
Let s(a) = -a**2 + 2*a + 4. Let x be s(4). Let p be ((-9)/x)/(30/640). Let l be (-36)/(-48) + (-45)/(-4). Calculate the greatest common divisor of p and l.
12
Let m be (2 - 2)/(2 - 1). Suppose 13*c - 12*c - 91 = m. Suppose 2 = -2*r + 28. What is the greatest common factor of r and c?
13
Suppose -d + 3*c + 37 = 0, 3*c + 33 = -4*d + 121. Suppose 24*u + 2 = d*u. Calculate the highest common factor of u and 6.
2
Suppose -65*q + 1938 = -48*q. Suppose 3*t = t, 4*k - 304 = -3*t. Calculate the greatest common divisor of k and q.
38
Suppose 0 = 3*s + 3*w - 174, -4*s + 104 + 158 = -2*w. Calculate the highest common divisor of 105 and s.
21
Let v be (-2367)/(-12) - (-95)/(-76). What is the highest common factor of 84 and v?
28
Let a(b) = 39*b + 2. Let j be a(2). What is the greatest common factor of j and 70?
10
Suppose 24 + 21 = f. Suppose 0 = -3*d + 3*o + f + 39, -5*d + 156 = -o. What is the greatest common divisor of 288 and d?
32
Let t(g) = g**2 - 9*g - 6. Let x be t(11). Let m = x - 9. Let n be m - (0 + 0 - -1). Calculate the highest common factor of n and 12.
6
Let v be (-76)/38 - 6*(-37)/2. Calculate the greatest common factor of 1199 and v.
109
Suppose 5*v - 6*v + 20 = 0. Suppose 2*j + 2*j = v. Suppose 4*h + 5*s - 57 = 0, j + 0 = 5*s. What is the highest common divisor of h and 117?
13
Let r be (-441)/(-2) - 5/10. What is the greatest common divisor of 40 and r?
20
Let z = 1653 + -1160. Suppose 5*i - 470 = -2*d, 3*i = -5*d + 644 + z. Suppose 4*o - d + 5 = 0. Calculate the greatest common factor of 5 and o.
5
Let z = -44 - -34. Let u be 49/5 - ((-18)/z + -1). Calculate the greatest common divisor of u and 63.
9
Let q = -128 + 197. Let s(z) = z**3 - 11*z**2 - z + 14. Let u be s(11). Suppose 0*f + q = u